- -1?
-8822a85
In base 11, what is 108417 + -89?
108339
In base 4, what is 112 + -1013230111?
-1013223333
In base 4, what is 102032 + 32332021?
33100113
In base 2, what is 1000101111010100101 - 1100111010?
1000101101101101011
In base 3, what is 1022021 - 21021021?
-12222000
In base 15, what is -db1e2 - -7?
-db1da
In base 7, what is -1511 - -454656?
453145
In base 11, what is -2005a36 + 5?
-2005a31
In base 4, what is 22102 + -313331?
-231223
In base 7, what is -5 - 31633401?
-31633406
In base 8, what is -707 + -11445?
-12354
In base 2, what is 11 - 11111100111100001?
-11111100111011110
In base 5, what is 331021404 - -200?
331022104
In base 11, what is 467 - 405621?
-405165
In base 10, what is 54 + 41245?
41299
In base 5, what is 14 - 114103042044?
-114103042030
In base 3, what is -201012 - 101221220120?
-101222121202
In base 14, what is 5 + b58a95d?
b58a964
In base 14, what is -1d94b - 137?
-1da84
In base 9, what is -1106471 - -2?
-1106468
In base 4, what is 321113303233 - -3?
321113303302
In base 7, what is -21562463 - 5?
-21562501
In base 11, what is 407 - 7023?
-6717
In base 16, what is -10 - be14b?
-be15b
In base 14, what is -2cb48 - 202?
-2cd4a
In base 16, what is 55c + -203d4?
-1fe78
In base 13, what is -37 + 175516?
1754ac
In base 16, what is 10 - 10931e?
-10930e
In base 4, what is -101 - -13301301212?
13301301111
In base 6, what is -2 - -231110300?
231110254
In base 13, what is 477 + -777?
-300
In base 8, what is 4 + -10115025?
-10115021
In base 8, what is -215 - -74461?
74244
In base 10, what is 3891 - 86?
3805
In base 12, what is -36858 + -27?
-36883
In base 14, what is -3d6 + -1a8942?
-1a8d38
In base 5, what is -322224 + -2133132?
-3010411
In base 8, what is -2530013114 - 2?
-2530013116
In base 4, what is -10311331 + 103101?
-10202230
In base 5, what is 3 - 14301314103?
-14301314100
In base 3, what is 200111 + 1010100011?
1011000122
In base 12, what is -434a + -48?
-4396
In base 13, what is -2c206604 + -5?
-2c206609
In base 3, what is -1010 - -222021202001021?
222021202000011
In base 9, what is -2 + -276820428?
-276820431
In base 11, what is 6129826 - 0?
6129826
In base 12, what is -55 + -9862?
-98b7
In base 10, what is -255577483 - 4?
-255577487
In base 6, what is 11 - 213342451?
-213342440
In base 2, what is 110 + -111001100010111001110?
-111001100010111001000
In base 10, what is 44695 - 3?
44692
In base 4, what is -111230110 + -2233?
-111233003
In base 14, what is 7395 - 2c?
7367
In base 8, what is 4 + 7361664?
7361670
In base 4, what is 130200301 + -12131?
130122110
In base 16, what is 3c + -1a4887?
-1a484b
In base 9, what is -2243 - -35514?
33261
In base 6, what is 414343 - -141?
414524
In base 12, what is -4 - -3935b08?
3935b04
In base 15, what is 6d5 - -39c5?
41aa
In base 12, what is 1 - 28aa9874?
-28aa9873
In base 11, what is -107845 + -2106?
-109950
In base 10, what is -4574 + -36949?
-41523
In base 2, what is -100000010100011 - -11100011110?
-11100110000101
In base 4, what is 211103000 + 101?
211103101
In base 16, what is -2e + -149c3?
-149f1
In base 13, what is 5 + -1050430c?
-10504307
In base 6, what is -3 - -33500001232?
33500001225
In base 2, what is -1001111110110010010010 - 11000?
-1001111110110010101010
In base 11, what is 710504325 + 1?
710504326
In base 13, what is 192ac2 - -7?
192ac9
In base 12, what is -42 + a759a5?
a75963
In base 4, what is -2101 + 311001010?
310332303
In base 7, what is 1266 + 24540?
26136
In base 5, what is -21442324414 + -11?
-21442324430
In base 5, what is -422323 + -4233410?
-10211233
In base 10, what is 6307232 + -33?
6307199
In base 9, what is 5 + -6221756?
-6221751
In base 4, what is 23 - -132233103330?
132233110013
In base 10, what is -8964362 + 0?
-8964362
In base 14, what is 23826 - 1d6?
23630
In base 16, what is fc03 - 2df?
f924
In base 15, what is -1 - 26e6c8?
-26e6c9
In base 6, what is 20 - 250222023?
-250222003
In base 11, what is 3128214 + 9?
3128222
In base 7, what is 5445655 + 3?
5445661
In base 7, what is -630406462 - 1?
-630406463
In base 15, what is 12 - 185?
-173
In base 12, what is -2110 + 1793?
-539
In base 9, what is -103 - 2387?
-2501
In base 5, what is 2034 + -343311?
-341222
In base 11, what is -370 - -1738a2?
173532
In base 13, what is b6073a + -71?
b60699
In base 13, what is -4829 - -123b?
-35bb
In base 12, what is -21b471 - -5?
-21b468
In base 15, what is cb54c8 + -2?
cb54c6
In base 6, what is -150 - 2132550?
-2133140
In base 15, what is -2 + 365065?
365063
In base 15, what is 27c6 - -12c?
2903
In base 9, what is -8131466 + -3?
-8131470
In base 12, what is -1b38 + 2265?
329
In base 10, what is 8 - 6250382?
-6250374
In base 7, what is -44 + 63623066?
63623022
In base 7, what is -464050 + 533?
-463214
In base 5, what is 2 + 201111441332?
201111441334
In base 10, what is 3 + -4354630?
-4354627
In base 6, what is -1231305324 + 0?
-1231305324
In base 16, what is 27f4fed - -3?
27f4ff0
In base 6, what is -10250550 - -14?
-10250532
In base 5, what is 42101113 + 404?
42102022
In base 5, what is -422033 + -42210?
-1014243
In base 8, what is 21761 + -6742?
13017
In base 7, what is -2542 - 3165151?
-3201023
In base 11, what is -57964477a + -1?
-579644780
In base 9, what is -33 + 8145?
8112
In base 14, what is 373 + 604?
977
In base 9, what is -17 + -23074?
-23102
In base 12, what is -1b3a + -37a9?
-5727
In base 6, what is -53512533 - 10?
-53512543
In base 4, what is 3103022300 - 302?
3103021332
In base 13, what is -18b49bc + 6?
-18b49b6
In base 11, what is -11 - 10492031?
-10492042
In base 8, what is 5115112635 - 5?
5115112630
In base 5, what is 3210130 - 2433?
3202142
In base 10, what is -5260 - -709?
-4551
In base 4, what is -1031 - -1330233130?
1330232033
In base 6, what is -4 - 455014525?
-455014533
In base 8, what is 37 - -36624433?
36624472
In base 11, what is -429 + -4044?
-4472
In base 13, what is a70568 - 9?
a7055c
In base 10, what is -6 - 8195218?
-8195224
In base 7, what is -456 + -540151?
-540640
In base 5, what is 112 + 2230332?
2230444
In base 8, what is -5 + 162720304?
162720277
In base 6, what is 533345 - 214112?
315233
In base 10, what is -4758362 + 52?
-4758310
In base 8, what is -77503 - -7654?
-67627
In base 10, what is 1111 - 267394?
-266283
In base 13, what is -b0411b - -5?
-b04116
In base 3, what is -20112220010002 + 1002?
-20112220002000
In base 6, what is -1 + -13111125?
-13111130
In base 8, what is 172 - -121626?
122020
In base 16, what is 46 + -793b8?
-79372
In base 13, what is 3 - -206aa21?
206aa24
In base 8, what is 1102263 - 201?
1102062
In base 3, what is -121011201 - -121212?
-120112212
In base 12, what is -11a4691b + -8?
-11a46927
In base 11, what is 4010a9 - 225?
400984
In base 3, what is -1121 - 2112102202001?
-2112102210122
In base 7, what is 2 + 6154625?
6154630
In base 6, what is 34103014 + -1?
34103013
In base 8, what is 5 - 20536365?
-20536360
In base 9, what is -354072 + 2735?
-351236
In base 15, what is -12ba5e7b + 5?
-12ba5e76
In base 16, what is 4b - -7ebb1?
7ebfc
In base 12, what is -151 + -58606?
-58757
In base 9, what is -6 + -5113838?
-5113845
In base 7, what is -4 + 12366301?
12366264
In base 10, what is -2 + 276572?
276570
In base 5, what is 3220310044 + -204?
3220304340
In base 10, what is -1781 - -10369?
8588
In base 6, what is 13113342 - -52?
13113434
In base 10, what is 123808 + 9325?
133133
In base 6, what is -22405432243 + -1?
-22405432244
In base 5, what is 114233020 + -104?
114232411
In base 10, what is -15913 + -595?
-16508
In base 6, what is 54354035 + 30?
54354105
In base 15, what is 88b + 33179?
33a15
In base 13, what is -61c + -2136?
-2755
In base 11, what is 666 - a66?
-400
In base 7, what is -166 - 101315?
-101514
In base 8, what is 3672356460 - -1?
3672356461
In base 4, what is -11130220102011 - -23?
-11130220101322
In base 9, what is 148 - -807817?
808066
In base 14, what is -c - -4c270?
4c262
In base 6, what is 22 + 1422424?
1422450
In base 13, what is 1 - -13ba9b42?
13ba9b43
In base 10, what is -391 + 1456?
1065
In base 10, what is -220 + 2741694?
2741474
In base 7, what is -125 - 601243?
-601401
In base 16, what is -6 + -87569e?
-8756a4
In base 9, what is 1326 - -30763?
32200
In base 7, what is -251611 - -3663?
-244615
In base 7, what is 360064 - 5434?
351330
In base 16, what is 5 + 5c5a9bd?
5c5a9c2
In 